{"id":3535,"date":"2022-10-19T23:15:44","date_gmt":"2022-10-19T21:15:44","guid":{"rendered":"http:\/\/svfriedrichshafen.schachvereine.de\/wpnew\/?page_id=3535"},"modified":"2024-03-09T15:56:57","modified_gmt":"2024-03-09T14:56:57","slug":"spiellokal","status":"publish","type":"page","link":"http:\/\/svfriedrichshafen.schachvereine.de\/wpnew\/?page_id=3535","title":{"rendered":"Spiellokal"},"content":{"rendered":"\n<h4 class=\"wp-block-heading\">Seit 2022 ist unser Vereinsheim, f\u00fcr die Spielabende, Verbandsspiele und f\u00fcr das Training, unter folgender Adresse zu finden:<\/h4>\n\n\n\n<h2 class=\"wp-block-heading has-text-align-center\"><strong>Vereinehaus Spektrum<\/strong><br> <strong>Ailinger Str 38\/1<\/strong><br> <strong>88046 Friedrichshafen<\/strong><\/h2>\n\n\n\n<h4 class=\"wp-block-heading\">Das Geb\u00e4ude liegt eigentlich mehr in der Ehlersstra\u00dfe, schr\u00e4g gegen\u00fcber vom Finanzamt.<\/h4>\n\n\n\n<h4 class=\"wp-block-heading\">Zur besseren Orientierung hier noch ein Bild vom Seiteneingang des Spektrum-Geb\u00e4udes. Die R\u00e4umlichkeiten des Schachvereins befinden sich im 1. Obergeschoss.<\/h4>\n\n\n\n<figure class=\"wp-block-image\"><img loading=\"lazy\" decoding=\"async\" width=\"613\" height=\"460\" src=\"http:\/\/svfriedrichshafen.schachvereine.de\/wpnew\/wp-content\/uploads\/2022\/04\/Unbenannt.jpg\" alt=\"\" class=\"wp-image-3489\" srcset=\"http:\/\/svfriedrichshafen.schachvereine.de\/wpnew\/wp-content\/uploads\/2022\/04\/Unbenannt.jpg 613w, http:\/\/svfriedrichshafen.schachvereine.de\/wpnew\/wp-content\/uploads\/2022\/04\/Unbenannt-300x225.jpg 300w\" sizes=\"auto, (max-width: 613px) 100vw, 613px\" \/><\/figure>\n\n\n\n<p class=\"has-text-align-left\">Unser Spielabend findet regul\u00e4r jeden <strong>Freitag <\/strong>statt:<br><strong>Training:               17:00 Uhr<\/strong><br><strong>Vereinsabend:      19:30 Uhr<\/strong><\/p>\n\n\n\n<h4 class=\"wp-block-heading has-text-align-left\">Sie k\u00f6nnen uns gerne zum Training bzw. Spielabend besuchen oder per E-Mail kontaktieren: <br><a href=\"mailto:mail@svfriedrichshafen.onmicrosoft.com\">mail@svfriedrichshafen.onmicrosoft.com<\/a><\/h4>\n","protected":false},"excerpt":{"rendered":"<p>Seit 2022 ist unser Vereinsheim, f\u00fcr die Spielabende, Verbandsspiele und f\u00fcr das Training, unter folgender Adresse zu finden: Vereinehaus Spektrum Ailinger Str 38\/1 88046 Friedrichshafen Das Geb\u00e4ude liegt eigentlich mehr in der Ehlersstra\u00dfe, schr\u00e4g gegen\u00fcber vom Finanzamt. Zur besseren Orientierung hier noch ein Bild vom Seiteneingang des Spektrum-Geb\u00e4udes. Die R\u00e4umlichkeiten des Schachvereins befinden sich im [&hellip;]<\/p>\n","protected":false},"author":13,"featured_media":0,"parent":0,"menu_order":3,"comment_status":"closed","ping_status":"closed","template":"","meta":{"_acf_changed":false,"footnotes":""},"class_list":["post-3535","page","type-page","status-publish","hentry"],"acf":[],"_links":{"self":[{"href":"http:\/\/svfriedrichshafen.schachvereine.de\/wpnew\/index.php?rest_route=\/wp\/v2\/pages\/3535","targetHints":{"allow":["GET"]}}],"collection":[{"href":"http:\/\/svfriedrichshafen.schachvereine.de\/wpnew\/index.php?rest_route=\/wp\/v2\/pages"}],"about":[{"href":"http:\/\/svfriedrichshafen.schachvereine.de\/wpnew\/index.php?rest_route=\/wp\/v2\/types\/page"}],"author":[{"embeddable":true,"href":"http:\/\/svfriedrichshafen.schachvereine.de\/wpnew\/index.php?rest_route=\/wp\/v2\/users\/13"}],"replies":[{"embeddable":true,"href":"http:\/\/svfriedrichshafen.schachvereine.de\/wpnew\/index.php?rest_route=%2Fwp%2Fv2%2Fcomments&post=3535"}],"version-history":[{"count":8,"href":"http:\/\/svfriedrichshafen.schachvereine.de\/wpnew\/index.php?rest_route=\/wp\/v2\/pages\/3535\/revisions"}],"predecessor-version":[{"id":3626,"href":"http:\/\/svfriedrichshafen.schachvereine.de\/wpnew\/index.php?rest_route=\/wp\/v2\/pages\/3535\/revisions\/3626"}],"wp:attachment":[{"href":"http:\/\/svfriedrichshafen.schachvereine.de\/wpnew\/index.php?rest_route=%2Fwp%2Fv2%2Fmedia&parent=3535"}],"curies":[{"name":"wp","href":"https:\/\/api.w.org\/{rel}","templated":true}]}}